{"id":18221,"date":"2025-02-21T10:45:56","date_gmt":"2025-02-21T09:45:56","guid":{"rendered":"https:\/\/entroidosdelorienteourensano.gal\/?page_id=18221"},"modified":"2025-02-21T10:48:58","modified_gmt":"2025-02-21T09:48:58","slug":"aviso-legal","status":"publish","type":"page","link":"https:\/\/entroidosdelorienteourensano.gal\/en\/aviso-legal\/","title":{"rendered":"Legal notice"},"content":{"rendered":"<h3 class=\"wp-block-heading\">1. <strong>1. Identification of the Owners<\/strong><\/h3>\n\n\n\n<p>In compliance with Law 34\/2002 on Information Society Services and Electronic Commerce (LSSI-CE), as well as the General Data Protection Regulation (GDPR) and Organic Law 3\/2018 on Personal Data Protection and Guarantee of Digital Rights (LOPDGDD), this website is jointly owned by the following public bodies:<\/p>\n\n\n\n<ul class=\"wp-block-list\">\n<li><strong>Council of Manzaneda<\/strong> \u2013 CIF: P3204500G \u2013 Address::\u00a0Manzaneda 32781 Ourense.<br>Email:\u00a0info@concellodemanzaneda.es \u2013 Phone: 988 33 30 43<\/li>\n\n\n\n<li><strong>Council of Vilari\u00f1o de Conso<\/strong> &#8211; CIF: P3209330G &#8211; Domicilio Social: Rua del Museo 3; 32557 Vilari\u00f1o de Conso<br>Email: concello@vilarinodeconso.es \u2013 Phone: 988 340 302<\/li>\n\n\n\n<li><strong>Council of Viana do Bolo<\/strong> &#8211; CIF: P3208700I &#8211; Domicilio: R\u00faa da Constituci\u00f3n, 14. 32550 &#8211; Viana do Bolo (Ourense).<br>Email: info@vianadobolo.es \u2013 Phone: 988 34 01 20<\/li>\n<\/ul>\n\n\n\n<p>All three councils are jointly responsible for managing the website and its content, in accordance with their collaboration agreement.<\/p>\n\n\n\n<p><\/p>\n\n\n\n<h3 class=\"wp-block-heading\">2. <strong>2. Purpose and Terms of Use<\/strong><\/h3>\n\n\n\n<p>This website aims to provide public information and services from the aforementioned city councils. By accessing and using this website, visitors are considered users who accept the terms outlined herein.<\/p>\n\n\n\n<p>It is prohibited to use this website for unlawful or harmful purposes that may damage the interests of the councils or third parties.<\/p>\n\n\n\n<p><\/p>\n\n\n\n<h3 class=\"wp-block-heading\">3. <strong>3. Intellectual and Industrial Property<\/strong><\/h3>\n\n\n\n<p>The content of this website, including texts, images, logos, and other elements, is owned by the city councils or third parties who have authorized its use. Reproduction, distribution, or modification is prohibited without explicit authorization, except as permitted by law.<\/p>\n\n\n\n<p><\/p>\n\n\n\n<h3 class=\"wp-block-heading\">4. <strong>Protecci\u00f3n de datos personales<\/strong><\/h3>\n\n\n\n<p>The processing of personal data collected through this website is carried out in accordance with the GDPR and LOPDGDD. Detailed information about data processing, purposes, and user rights can be found in the Privacy Policy.<\/p>\n\n\n\n<p><\/p>\n\n\n\n<h3 class=\"wp-block-heading\">5. <strong>Use of Cookies<\/strong><\/h3>\n\n\n\n<p>This website uses its own and third-party cookies for technical, analytical, and personalization purposes. For more information on the use of cookies and how to manage them, please consult our <a href=\"https:\/\/entroidosdelorienteourensano.gal\/en\/politica-de-cookies-ue\/\">Cookie Policy<\/a>.<\/p>\n\n\n\n<p><\/p>\n\n\n\n<h3 class=\"wp-block-heading\">6. <strong>Responsabilidades<\/strong><\/h3>\n\n\n\n<p>The councils are not responsible for any misuse of the website by users or for any damage caused by viruses or other computer elements. They are also not liable for the content of external links included on the website.<\/p>\n\n\n\n<p><\/p>\n\n\n\n<h3 class=\"wp-block-heading\">7. <strong>Applicable Law and Jurisdiction<\/strong><\/h3>\n\n\n\n<p>This legal notice is governed by Spanish law. Any disputes that may arise will be submitted to the courts of the user\u2019s residence or, failing that, to the courts corresponding to the municipalities of the city councils.<\/p>\n\n\n\n<p><\/p>\n\n\n\n<h3 class=\"wp-block-heading\">8. <strong>Contact<\/strong><\/h3>\n\n\n\n<p>For any inquiries or complaints regarding this website, please contact any of the city councils mentioned in section 1 via email.<\/p>","protected":false},"excerpt":{"rendered":"<p>1. Identificaci\u00f3n de los titulares En cumplimiento de lo dispuesto en la Ley 34\/2002, de Servicios de la Sociedad de la Informaci\u00f3n y de Comercio Electr\u00f3nico (LSSI-CE), as\u00ed como en el Reglamento General de Protecci\u00f3n de Datos (RGPD) y la Ley Org\u00e1nica 3\/2018 de Protecci\u00f3n de Datos Personales y Garant\u00eda de los Derechos Digitales (LOPDGDD), [&hellip;]<\/p>","protected":false},"author":1,"featured_media":0,"parent":0,"menu_order":0,"comment_status":"closed","ping_status":"closed","template":"","meta":{"iawp_total_views":22,"footnotes":""},"class_list":["post-18221","page","type-page","status-publish","hentry"],"yoast_head":"<!-- This site is optimized with the Yoast SEO plugin v26.8 - https:\/\/yoast.com\/product\/yoast-seo-wordpress\/ -->\n<title>Aviso legal - Entroidos del Oriente Ourensano<\/title>\n<meta name=\"robots\" content=\"noindex, nofollow\" \/>\n<meta property=\"og:locale\" content=\"en_GB\" \/>\n<meta property=\"og:type\" content=\"article\" \/>\n<meta property=\"og:title\" content=\"Aviso legal - Entroidos del Oriente Ourensano\" \/>\n<meta property=\"og:description\" content=\"1. Identificaci\u00f3n de los titulares En cumplimiento de lo dispuesto en la Ley 34\/2002, de Servicios de la Sociedad de la Informaci\u00f3n y de Comercio Electr\u00f3nico (LSSI-CE), as\u00ed como en el Reglamento General de Protecci\u00f3n de Datos (RGPD) y la Ley Org\u00e1nica 3\/2018 de Protecci\u00f3n de Datos Personales y Garant\u00eda de los Derechos Digitales (LOPDGDD), [&hellip;]\" \/>\n<meta property=\"og:url\" content=\"https:\/\/entroidosdelorienteourensano.gal\/en\/aviso-legal\/\" \/>\n<meta property=\"og:site_name\" content=\"Entroidos del Oriente Ourensano\" \/>\n<meta property=\"article:publisher\" content=\"https:\/\/www.facebook.com\/profile.php?id=61569683189629\" \/>\n<meta property=\"article:modified_time\" content=\"2025-02-21T09:48:58+00:00\" \/>\n<meta property=\"og:image\" content=\"https:\/\/entroidosdelorienteourensano.gal\/wp-content\/uploads\/2024\/12\/Galeria-Viana-1.jpg\" \/>\n\t<meta property=\"og:image:width\" content=\"1200\" \/>\n\t<meta property=\"og:image:height\" content=\"800\" \/>\n\t<meta property=\"og:image:type\" content=\"image\/jpeg\" \/>\n<meta name=\"twitter:card\" content=\"summary_large_image\" \/>\n<meta name=\"twitter:site\" content=\"@Entroidos_Or_Ou\" \/>\n<meta name=\"twitter:label1\" content=\"Estimated reading time\" \/>\n\t<meta name=\"twitter:data1\" content=\"3 minutes\" \/>\n<script type=\"application\/ld+json\" class=\"yoast-schema-graph\">{\"@context\":\"https:\/\/schema.org\",\"@graph\":[{\"@type\":\"WebPage\",\"@id\":\"https:\/\/entroidosdelorienteourensano.gal\/aviso-legal\/\",\"url\":\"https:\/\/entroidosdelorienteourensano.gal\/aviso-legal\/\",\"name\":\"Aviso legal - Entroidos del Oriente Ourensano\",\"isPartOf\":{\"@id\":\"https:\/\/entroidosdelorienteourensano.gal\/#website\"},\"datePublished\":\"2025-02-21T09:45:56+00:00\",\"dateModified\":\"2025-02-21T09:48:58+00:00\",\"breadcrumb\":{\"@id\":\"https:\/\/entroidosdelorienteourensano.gal\/aviso-legal\/#breadcrumb\"},\"inLanguage\":\"en-GB\",\"potentialAction\":[{\"@type\":\"ReadAction\",\"target\":[\"https:\/\/entroidosdelorienteourensano.gal\/aviso-legal\/\"]}]},{\"@type\":\"BreadcrumbList\",\"@id\":\"https:\/\/entroidosdelorienteourensano.gal\/aviso-legal\/#breadcrumb\",\"itemListElement\":[{\"@type\":\"ListItem\",\"position\":1,\"name\":\"Portada\",\"item\":\"https:\/\/entroidosdelorienteourensano.gal\/\"},{\"@type\":\"ListItem\",\"position\":2,\"name\":\"Aviso legal\"}]},{\"@type\":\"WebSite\",\"@id\":\"https:\/\/entroidosdelorienteourensano.gal\/#website\",\"url\":\"https:\/\/entroidosdelorienteourensano.gal\/\",\"name\":\"Entroidos del Oriente Ourensano\",\"description\":\"Vivir el Carnaval del Oriente Ourensano es un experiencia &uacute;nica. En Viana do Bolo, Manzaneda y Vilari&ntilde;o de Conso descubrir&aacute;s el aut&eacute;ntico esp&iacute;ritu del Entroido.\",\"publisher\":{\"@id\":\"https:\/\/entroidosdelorienteourensano.gal\/#organization\"},\"potentialAction\":[{\"@type\":\"SearchAction\",\"target\":{\"@type\":\"EntryPoint\",\"urlTemplate\":\"https:\/\/entroidosdelorienteourensano.gal\/?s={search_term_string}\"},\"query-input\":{\"@type\":\"PropertyValueSpecification\",\"valueRequired\":true,\"valueName\":\"search_term_string\"}}],\"inLanguage\":\"en-GB\"},{\"@type\":\"Organization\",\"@id\":\"https:\/\/entroidosdelorienteourensano.gal\/#organization\",\"name\":\"Entroidos del Oriente Ourensano\",\"url\":\"https:\/\/entroidosdelorienteourensano.gal\/\",\"logo\":{\"@type\":\"ImageObject\",\"inLanguage\":\"en-GB\",\"@id\":\"https:\/\/entroidosdelorienteourensano.gal\/#\/schema\/logo\/image\/\",\"url\":\"https:\/\/entroidosdelorienteourensano.gal\/wp-content\/uploads\/2024\/11\/Viana-boteiro.jpg\",\"contentUrl\":\"https:\/\/entroidosdelorienteourensano.gal\/wp-content\/uploads\/2024\/11\/Viana-boteiro.jpg\",\"width\":1920,\"height\":1441,\"caption\":\"Entroidos del Oriente Ourensano\"},\"image\":{\"@id\":\"https:\/\/entroidosdelorienteourensano.gal\/#\/schema\/logo\/image\/\"},\"sameAs\":[\"https:\/\/www.facebook.com\/profile.php?id=61569683189629\",\"https:\/\/x.com\/Entroidos_Or_Ou\",\"https:\/\/www.instagram.com\/Entroidos_Oriente_Ourensano\/\"]}]}<\/script>\n<!-- \/ Yoast SEO plugin. -->","yoast_head_json":{"title":"Aviso legal - Entroidos del Oriente Ourensano","robots":{"index":"noindex","follow":"nofollow"},"og_locale":"en_GB","og_type":"article","og_title":"Aviso legal - Entroidos del Oriente Ourensano","og_description":"1. Identificaci\u00f3n de los titulares En cumplimiento de lo dispuesto en la Ley 34\/2002, de Servicios de la Sociedad de la Informaci\u00f3n y de Comercio Electr\u00f3nico (LSSI-CE), as\u00ed como en el Reglamento General de Protecci\u00f3n de Datos (RGPD) y la Ley Org\u00e1nica 3\/2018 de Protecci\u00f3n de Datos Personales y Garant\u00eda de los Derechos Digitales (LOPDGDD), [&hellip;]","og_url":"https:\/\/entroidosdelorienteourensano.gal\/en\/aviso-legal\/","og_site_name":"Entroidos del Oriente Ourensano","article_publisher":"https:\/\/www.facebook.com\/profile.php?id=61569683189629","article_modified_time":"2025-02-21T09:48:58+00:00","og_image":[{"width":1200,"height":800,"url":"https:\/\/entroidosdelorienteourensano.gal\/wp-content\/uploads\/2024\/12\/Galeria-Viana-1.jpg","type":"image\/jpeg"}],"twitter_card":"summary_large_image","twitter_site":"@Entroidos_Or_Ou","twitter_misc":{"Estimated reading time":"3 minutes"},"schema":{"@context":"https:\/\/schema.org","@graph":[{"@type":"WebPage","@id":"https:\/\/entroidosdelorienteourensano.gal\/aviso-legal\/","url":"https:\/\/entroidosdelorienteourensano.gal\/aviso-legal\/","name":"Aviso legal - Entroidos del Oriente Ourensano","isPartOf":{"@id":"https:\/\/entroidosdelorienteourensano.gal\/#website"},"datePublished":"2025-02-21T09:45:56+00:00","dateModified":"2025-02-21T09:48:58+00:00","breadcrumb":{"@id":"https:\/\/entroidosdelorienteourensano.gal\/aviso-legal\/#breadcrumb"},"inLanguage":"en-GB","potentialAction":[{"@type":"ReadAction","target":["https:\/\/entroidosdelorienteourensano.gal\/aviso-legal\/"]}]},{"@type":"BreadcrumbList","@id":"https:\/\/entroidosdelorienteourensano.gal\/aviso-legal\/#breadcrumb","itemListElement":[{"@type":"ListItem","position":1,"name":"Portada","item":"https:\/\/entroidosdelorienteourensano.gal\/"},{"@type":"ListItem","position":2,"name":"Aviso legal"}]},{"@type":"WebSite","@id":"https:\/\/entroidosdelorienteourensano.gal\/#website","url":"https:\/\/entroidosdelorienteourensano.gal\/","name":"Entroidos del Oriente Ourensano","description":"Vivir el Carnaval del Oriente Ourensano es un experiencia &uacute;nica. En Viana do Bolo, Manzaneda y Vilari&ntilde;o de Conso descubrir&aacute;s el aut&eacute;ntico esp&iacute;ritu del Entroido.","publisher":{"@id":"https:\/\/entroidosdelorienteourensano.gal\/#organization"},"potentialAction":[{"@type":"SearchAction","target":{"@type":"EntryPoint","urlTemplate":"https:\/\/entroidosdelorienteourensano.gal\/?s={search_term_string}"},"query-input":{"@type":"PropertyValueSpecification","valueRequired":true,"valueName":"search_term_string"}}],"inLanguage":"en-GB"},{"@type":"Organization","@id":"https:\/\/entroidosdelorienteourensano.gal\/#organization","name":"Entroidos del Oriente Ourensano","url":"https:\/\/entroidosdelorienteourensano.gal\/","logo":{"@type":"ImageObject","inLanguage":"en-GB","@id":"https:\/\/entroidosdelorienteourensano.gal\/#\/schema\/logo\/image\/","url":"https:\/\/entroidosdelorienteourensano.gal\/wp-content\/uploads\/2024\/11\/Viana-boteiro.jpg","contentUrl":"https:\/\/entroidosdelorienteourensano.gal\/wp-content\/uploads\/2024\/11\/Viana-boteiro.jpg","width":1920,"height":1441,"caption":"Entroidos del Oriente Ourensano"},"image":{"@id":"https:\/\/entroidosdelorienteourensano.gal\/#\/schema\/logo\/image\/"},"sameAs":["https:\/\/www.facebook.com\/profile.php?id=61569683189629","https:\/\/x.com\/Entroidos_Or_Ou","https:\/\/www.instagram.com\/Entroidos_Oriente_Ourensano\/"]}]}},"_links":{"self":[{"href":"https:\/\/entroidosdelorienteourensano.gal\/en\/wp-json\/wp\/v2\/pages\/18221","targetHints":{"allow":["GET"]}}],"collection":[{"href":"https:\/\/entroidosdelorienteourensano.gal\/en\/wp-json\/wp\/v2\/pages"}],"about":[{"href":"https:\/\/entroidosdelorienteourensano.gal\/en\/wp-json\/wp\/v2\/types\/page"}],"author":[{"embeddable":true,"href":"https:\/\/entroidosdelorienteourensano.gal\/en\/wp-json\/wp\/v2\/users\/1"}],"replies":[{"embeddable":true,"href":"https:\/\/entroidosdelorienteourensano.gal\/en\/wp-json\/wp\/v2\/comments?post=18221"}],"version-history":[{"count":9,"href":"https:\/\/entroidosdelorienteourensano.gal\/en\/wp-json\/wp\/v2\/pages\/18221\/revisions"}],"predecessor-version":[{"id":18230,"href":"https:\/\/entroidosdelorienteourensano.gal\/en\/wp-json\/wp\/v2\/pages\/18221\/revisions\/18230"}],"wp:attachment":[{"href":"https:\/\/entroidosdelorienteourensano.gal\/en\/wp-json\/wp\/v2\/media?parent=18221"}],"curies":[{"name":"wp","href":"https:\/\/api.w.org\/{rel}","templated":true}]}}

<h3 class="wp-block-heading">1. <strong>1. Identification of the Owners</strong></h3>



<p>In compliance with Law 34/2002 on Information Society Services and Electronic Commerce (LSSI-CE), as well as the General Data Protection Regulation (GDPR) and Organic Law 3/2018 on Personal Data Protection and Guarantee of Digital Rights (LOPDGDD), this website is jointly owned by the following public bodies:</p>



<ul class="wp-block-list">
<li><strong>Council of Manzaneda</strong> – CIF: P3204500G – Address:: Manzaneda 32781 Ourense.<br>Email: info@concellodemanzaneda.es – Phone: 988 33 30 43</li>



<li><strong>Council of Vilariño de Conso</strong> &#8211; CIF: P3209330G &#8211; Domicilio Social: Rua del Museo 3; 32557 Vilariño de Conso<br>Email: concello@vilarinodeconso.es – Phone: 988 340 302</li>



<li><strong>Council of Viana do Bolo</strong> &#8211; CIF: P3208700I &#8211; Domicilio: Rúa da Constitución, 14. 32550 &#8211; Viana do Bolo (Ourense).<br>Email: info@vianadobolo.es – Phone: 988 34 01 20</li>
</ul>



<p>All three councils are jointly responsible for managing the website and its content, in accordance with their collaboration agreement.</p>



<p></p>



<h3 class="wp-block-heading">2. <strong>2. Purpose and Terms of Use</strong></h3>



<p>This website aims to provide public information and services from the aforementioned city councils. By accessing and using this website, visitors are considered users who accept the terms outlined herein.</p>



<p>It is prohibited to use this website for unlawful or harmful purposes that may damage the interests of the councils or third parties.</p>



<p></p>



<h3 class="wp-block-heading">3. <strong>3. Intellectual and Industrial Property</strong></h3>



<p>The content of this website, including texts, images, logos, and other elements, is owned by the city councils or third parties who have authorized its use. Reproduction, distribution, or modification is prohibited without explicit authorization, except as permitted by law.</p>



<p></p>



<h3 class="wp-block-heading">4. <strong>Protección de datos personales</strong></h3>



<p>The processing of personal data collected through this website is carried out in accordance with the GDPR and LOPDGDD. Detailed information about data processing, purposes, and user rights can be found in the Privacy Policy.</p>



<p></p>



<h3 class="wp-block-heading">5. <strong>Use of Cookies</strong></h3>



<p>This website uses its own and third-party cookies for technical, analytical, and personalization purposes. For more information on the use of cookies and how to manage them, please consult our <a href="https://entroidosdelorienteourensano.gal/en/politica-de-cookies-ue/">Cookie Policy</a>.</p>



<p></p>



<h3 class="wp-block-heading">6. <strong>Responsabilidades</strong></h3>



<p>The councils are not responsible for any misuse of the website by users or for any damage caused by viruses or other computer elements. They are also not liable for the content of external links included on the website.</p>



<p></p>



<h3 class="wp-block-heading">7. <strong>Applicable Law and Jurisdiction</strong></h3>



<p>This legal notice is governed by Spanish law. Any disputes that may arise will be submitted to the courts of the user’s residence or, failing that, to the courts corresponding to the municipalities of the city councils.</p>



<p></p>



<h3 class="wp-block-heading">8. <strong>Contact</strong></h3>



<p>For any inquiries or complaints regarding this website, please contact any of the city councils mentioned in section 1 via email.</p>

<p>1. Identificación de los titulares En cumplimiento de lo dispuesto en la Ley 34/2002, de Servicios de la Sociedad de la Información y de Comercio Electrónico (LSSI-CE), así como en el Reglamento General de Protección de Datos (RGPD) y la Ley Orgánica 3/2018 de Protección de Datos Personales y Garantía de los Derechos Digitales (LOPDGDD), [&hellip;]</p>

<!-- This site is optimized with the Yoast SEO plugin v26.8 - https://yoast.com/product/yoast-seo-wordpress/ -->
<title>Aviso legal - Entroidos del Oriente Ourensano</title>
<meta name="robots" content="noindex, nofollow" />
<meta property="og:locale" content="en_GB" />
<meta property="og:type" content="article" />
<meta property="og:title" content="Aviso legal - Entroidos del Oriente Ourensano" />
<meta property="og:description" content="1. Identificación de los titulares En cumplimiento de lo dispuesto en la Ley 34/2002, de Servicios de la Sociedad de la Información y de Comercio Electrónico (LSSI-CE), así como en el Reglamento General de Protección de Datos (RGPD) y la Ley Orgánica 3/2018 de Protección de Datos Personales y Garantía de los Derechos Digitales (LOPDGDD), [&hellip;]" />
<meta property="og:url" content="https://entroidosdelorienteourensano.gal/en/aviso-legal/" />
<meta property="og:site_name" content="Entroidos del Oriente Ourensano" />
<meta property="article:publisher" content="https://www.facebook.com/profile.php?id=61569683189629" />
<meta property="article:modified_time" content="2025-02-21T09:48:58+00:00" />
<meta property="og:image" content="https://entroidosdelorienteourensano.gal/wp-content/uploads/2024/12/Galeria-Viana-1.jpg" />
	<meta property="og:image:width" content="1200" />
	<meta property="og:image:height" content="800" />
	<meta property="og:image:type" content="image/jpeg" />
<meta name="twitter:card" content="summary_large_image" />
<meta name="twitter:site" content="@Entroidos_Or_Ou" />
<meta name="twitter:label1" content="Estimated reading time" />
	<meta name="twitter:data1" content="3 minutes" />
<script type="application/ld+json" class="yoast-schema-graph">{"@context":"https://schema.org","@graph":[{"@type":"WebPage","@id":"https://entroidosdelorienteourensano.gal/aviso-legal/","url":"https://entroidosdelorienteourensano.gal/aviso-legal/","name":"Aviso legal - Entroidos del Oriente Ourensano","isPartOf":{"@id":"https://entroidosdelorienteourensano.gal/#website"},"datePublished":"2025-02-21T09:45:56+00:00","dateModified":"2025-02-21T09:48:58+00:00","breadcrumb":{"@id":"https://entroidosdelorienteourensano.gal/aviso-legal/#breadcrumb"},"inLanguage":"en-GB","potentialAction":[{"@type":"ReadAction","target":["https://entroidosdelorienteourensano.gal/aviso-legal/"]}]},{"@type":"BreadcrumbList","@id":"https://entroidosdelorienteourensano.gal/aviso-legal/#breadcrumb","itemListElement":[{"@type":"ListItem","position":1,"name":"Portada","item":"https://entroidosdelorienteourensano.gal/"},{"@type":"ListItem","position":2,"name":"Aviso legal"}]},{"@type":"WebSite","@id":"https://entroidosdelorienteourensano.gal/#website","url":"https://entroidosdelorienteourensano.gal/","name":"Entroidos del Oriente Ourensano","description":"Vivir el Carnaval del Oriente Ourensano es un experiencia &uacute;nica. En Viana do Bolo, Manzaneda y Vilari&ntilde;o de Conso descubrir&aacute;s el aut&eacute;ntico esp&iacute;ritu del Entroido.","publisher":{"@id":"https://entroidosdelorienteourensano.gal/#organization"},"potentialAction":[{"@type":"SearchAction","target":{"@type":"EntryPoint","urlTemplate":"https://entroidosdelorienteourensano.gal/?s={search_term_string}"},"query-input":{"@type":"PropertyValueSpecification","valueRequired":true,"valueName":"search_term_string"}}],"inLanguage":"en-GB"},{"@type":"Organization","@id":"https://entroidosdelorienteourensano.gal/#organization","name":"Entroidos del Oriente Ourensano","url":"https://entroidosdelorienteourensano.gal/","logo":{"@type":"ImageObject","inLanguage":"en-GB","@id":"https://entroidosdelorienteourensano.gal/#/schema/logo/image/","url":"https://entroidosdelorienteourensano.gal/wp-content/uploads/2024/11/Viana-boteiro.jpg","contentUrl":"https://entroidosdelorienteourensano.gal/wp-content/uploads/2024/11/Viana-boteiro.jpg","width":1920,"height":1441,"caption":"Entroidos del Oriente Ourensano"},"image":{"@id":"https://entroidosdelorienteourensano.gal/#/schema/logo/image/"},"sameAs":["https://www.facebook.com/profile.php?id=61569683189629","https://x.com/Entroidos_Or_Ou","https://www.instagram.com/Entroidos_Oriente_Ourensano/"]}]}</script>
<!-- / Yoast SEO plugin. -->

1. Identificación de los titulares En cumplimiento de lo dispuesto en la Ley 34/2002, de Servicios de la Sociedad de la Información y de Comercio Electrónico (LSSI-CE), así como en el Reglamento General de Protección de Datos (RGPD) y la Ley Orgánica 3/2018 de Protección de Datos Personales y Garantía de los Derechos Digitales (LOPDGDD), [&hellip;]
